090 and 333.
9
Calculate the greatest common factor of 86345790 and 2220.
1110
What is the highest common divisor of 12804 and 2331492?
1164
What is the highest common factor of 3750 and 955800?
150
What is the highest common divisor of 11280 and 12636796?
188
Calculate the highest common factor of 116 and 127938227.
29
Calculate the greatest common divisor of 13412425 and 900.
25
Calculate the highest common divisor of 1083739 and 177466.
997
What is the highest common factor of 2263230 and 180?
90
What is the highest common divisor of 1357576680 and 24?
24
Calculate the highest common factor of 373784 and 52.
4
Calculate the highest common factor of 8115157 and 493261.
6757
What is the greatest common divisor of 24219 and 2962193?
299
Calculate the highest common factor of 588251832 and 84.
84
Calculate the greatest common divisor of 916146 and 33957.
693
What is the greatest common divisor of 18173 and 255272?
17
What is the greatest common factor of 2271954 and 23268?
1662
What is the greatest common factor of 109673946 and 54?
54
What is the greatest common divisor of 104180 and 23860?
20
Calculate the highest common divisor of 154 and 1764884.
22
What is the greatest common divisor of 60 and 13969005?
15
Calculate the greatest common factor of 7526766 and 234.
78
Calculate the highest common divisor of 54 and 16205859.
27
What is the greatest common divisor of 65177361 and 63?
9
What is the highest common factor of 243312377 and 3542?
1771
What is the highest common factor of 50508 and 3167974?
2806
Calculate the highest common divisor of 16401050 and 662.
662
What is the highest common factor of 3878 and 239815520?
3878
What is the greatest common factor of 12705 and 39865980?
1155
What is the greatest common factor of 2044 and 13564568?
292
What is the highest common divisor of 45415 and 1604175?
1465
Calculate the highest common divisor of 19504730 and 70.
70
What is the highest common divisor of 76693 and 110839?
271
What is the highest common divisor of 228 and 12989316?
12
Calculate the greatest common factor of 4668 and 60769580.
1556
What is the greatest common factor of 246890 and 4970?
70
What is the highest common divisor of 21592692 and 154638?
2178
What is the greatest common divisor of 5995 and 6194470?
545
What is the greatest common divisor of 2671334105 and 55?
55
What is the greatest common factor of 22429306 and 527?
31
Calculate the greatest common divisor of 1117674205 and 1165.
1165
What is the greatest common divisor of 5168 and 2981632?
304
Calculate the greatest common divisor of 240 and 258879660.
60
Calculate the highest common factor of 114 and 4918226.
38
Calculate the highest common divisor of 164811 and 71779.
401
What is the greatest common divisor of 170052526 and 1491?
497
Calculate the highest common divisor of 2119 and 20867423.
163
Calculate the greatest common factor of 599047 and 61573.
67
What is the highest common factor of 475288296 and 504?
168
What is the highest common factor of 3024 and 27977292?
756
Calculate the highest common factor of 91958658 and 4224.
66
Calculate the greatest common factor of 81206479 and 1593.
59
Calculate the highest common factor of 826 and 8644326.
118
What is the greatest common divisor of 1836 and 1284768?
108
Calculate the greatest common divisor of 120338879 and 485.
97
Calculate the highest common divisor of 7599 and 2114310.
447
Calculate the greatest common factor of 75 and 137510550.
75
What is the greatest common divisor of 307265 and 245?
35
Calculate the greatest common factor of 62 and 2255274242.
62
What is the highest common divisor of 7011356 and 18216?
44
Calculate the highest common divisor of 1323 and 243621.
189
Calculate the greatest common divisor of 105 and 63877005.
15
Calculate the greatest common factor of 80 and 50674192.
16
Calculate the highest common divisor of 3052 and 25152404.
436
What is the highest common divisor of 187 and 3107269?
11
Calculate the greatest common divisor of 144 and 22508082.
18
Calculate the greatest common factor of 218027290 and 520.
130
Calculate the highest common factor of 4490276 and 154.
14
Calculate the greatest common divisor of 3199384 and 16616.
536
What is the greatest common divisor of 2848768 and 1243554?
2782
What is the highest common factor of 55817500 and 150640?
5380
Calculate the greatest common factor of 19343362 and 1542.
514
What is the highest common divisor of 6647670 and 1044?
522
Calculate the greatest common factor of 206702926 and 194.
194
Calculate the highest common factor of 23271308 and 92.
92
What is the highest common divisor of 202714382 and 988?
494
What is the highest common divisor of 1032 and 2798956?
172
Calculate the highest common factor of 850023206 and 2229.
743
What is the highest common divisor of 1318 and 8895841?
659
Calculate the greatest common factor of 4743627 and 73563.
2373
What is the highest common factor of 1870 and 272929390?
170
What is the highest common factor of 260 and 58009172?
52
What is the highest common factor of 10865 and 12789335?
205
Calculate the greatest common factor of 106686230 and 245.
245
What is the greatest common divisor of 2413609 and 77?
11
Calculate the highest common divisor of 323 and 2900179.
19
What is the greatest common factor of 4380 and 5465980?
20
What is the greatest common divisor of 165 and 982372215?
165
What is the highest common divisor of 91019847 and 3594?
1797
What is the highest common factor of 17866529 and 1353?
41
Calculate the highest common divisor of 965482 and 10346.
14
Calculate the highest common divisor of 36632 and 253802.
38
Calculate the highest common factor of 20019012 and 4992.
156
Calculate the greatest common factor of 1614897 and 2916.
81
Calculate the greatest common factor of 505 and 736189.
101
What is the greatest common divisor of 4284 and 4474638?
2142
What is the greatest common divisor of 2970 and 5600320?
110
Calculate the greatest common factor of 162336 and 41652.
1068
What is the highest common factor of 37873629 and 477?
9
Calculate the greatest common factor of 51420 and 172082172.
10284
Calculate the highest common divisor of 1201316480 and 5460.
1820
What is the highest common divisor of 31160 and 432045864?
6232
What is the greatest common factor of 10502568 and 216?
216
What is the highest common divisor of 23281 and 3749743?
751
What is the highest common divisor of 63 and 149126103?
63
What is the greatest common factor of 78396 and 562116?
1668
What is the greatest common divisor of 4606364 and 3220?
28
What is the highest common factor of 2 and 3011966?
2
What is the highest common divisor of 6973130 and 110?
10
Calculate the highest common divisor of 363174 and 930.
6
Calculate the greatest common divisor of 30124990 and 35.
35
Calculate the greatest common divisor of 341594748 and 3918.
3918
What is the highest common factor of 199784 and 201824?
136
What is the greatest common divisor of 136026 and 106623?
297
What is the greatest common factor of 1815 and 5690081265?
1815
What is the greatest common factor of 7776743 and 91?
13
What is the greatest common divisor of 194177 and 22991?
277
What is the highest common factor of 76826072 and 161?
23
What is the highest common factor of 4338720 and 6681?
393
Calculate the highest common divisor of 2500551 and 137052.
81
What is the highest common factor of 88 and 15519392?
8
What is the highest common factor of 20921793 and 57?
57
What is the greatest common divisor of 60920 and 205?
5
Calculate the greatest common divisor of 1458991415 and 490.
245
What is the highest common divisor of 55094 and 5677290?
326
Calculate the highest common factor of 6603 and 154659.
93
What is the greatest common divisor of 197567660 and 52380?
1940
Calculate the greatest common factor of 10765848 and 14.
2
What is the highest common divisor of 2135721 and 168?
21
What is the greatest common divisor of 3094 and 32448682?
238
Calculate the greatest common factor of 155348 and 630144.
2188
What is the highest common factor of 4011232 and 243904?
3296
What is the greatest common factor of 75 and 1785849075?
75
What is the greatest common factor of 3919343 and 12367?
83
Calculate the highest common divisor of 959602 and 14.
14
Calculate the